{"version":"1.0","provider_name":"Magyar Lev\u00e9lt\u00e1ri Port\u00e1l","provider_url":"https:\/\/archivportal.hu","author_name":"Sipt\u00e1r D\u00e1niel","author_url":"https:\/\/archivportal.hu\/index.php\/author\/siptar-daniel\/","title":"Dun\u00e1nt\u00fali Reform\u00e1tus Egyh\u00e1zker\u00fclet Lev\u00e9lt\u00e1ra - Magyar Lev\u00e9lt\u00e1ri Port\u00e1l","type":"rich","width":600,"height":338,"html":"<blockquote class=\"wp-embedded-content\" data-secret=\"NdKDEAUtrI\"><a href=\"https:\/\/archivportal.hu\/index.php\/archive\/papai-reformatus-gyujtemenyek-leveltar\/\">Dun\u00e1nt\u00fali Reform\u00e1tus Egyh\u00e1zker\u00fclet Lev\u00e9lt\u00e1ra<\/a><\/blockquote><iframe sandbox=\"allow-scripts\" security=\"restricted\" src=\"https:\/\/archivportal.hu\/index.php\/archive\/papai-reformatus-gyujtemenyek-leveltar\/embed\/#?secret=NdKDEAUtrI\" width=\"600\" height=\"338\" title=\"&#8220;Dun\u00e1nt\u00fali Reform\u00e1tus Egyh\u00e1zker\u00fclet Lev\u00e9lt\u00e1ra&#8221; &#8212; Magyar Lev\u00e9lt\u00e1ri Port\u00e1l\" data-secret=\"NdKDEAUtrI\" frameborder=\"0\" marginwidth=\"0\" marginheight=\"0\" scrolling=\"no\" class=\"wp-embedded-content\"><\/iframe><script>\n\/*! This file is auto-generated *\/\n!function(d,l){\"use strict\";l.querySelector&&d.addEventListener&&\"undefined\"!=typeof URL&&(d.wp=d.wp||{},d.wp.receiveEmbedMessage||(d.wp.receiveEmbedMessage=function(e){var t=e.data;if((t||t.secret||t.message||t.value)&&!\/[^a-zA-Z0-9]\/.test(t.secret)){for(var s,r,n,a=l.querySelectorAll('iframe[data-secret=\"'+t.secret+'\"]'),o=l.querySelectorAll('blockquote[data-secret=\"'+t.secret+'\"]'),c=new RegExp(\"^https?:$\",\"i\"),i=0;i<o.length;i++)o[i].style.display=\"none\";for(i=0;i<a.length;i++)s=a[i],e.source===s.contentWindow&&(s.removeAttribute(\"style\"),\"height\"===t.message?(1e3<(r=parseInt(t.value,10))?r=1e3:~~r<200&&(r=200),s.height=r):\"link\"===t.message&&(r=new URL(s.getAttribute(\"src\")),n=new URL(t.value),c.test(n.protocol))&&n.host===r.host&&l.activeElement===s&&(d.top.location.href=t.value))}},d.addEventListener(\"message\",d.wp.receiveEmbedMessage,!1),l.addEventListener(\"DOMContentLoaded\",function(){for(var e,t,s=l.querySelectorAll(\"iframe.wp-embedded-content\"),r=0;r<s.length;r++)(t=(e=s[r]).getAttribute(\"data-secret\"))||(t=Math.random().toString(36).substring(2,12),e.src+=\"#?secret=\"+t,e.setAttribute(\"data-secret\",t)),e.contentWindow.postMessage({message:\"ready\",secret:t},\"*\")},!1)))}(window,document);\n\/\/# sourceURL=https:\/\/archivportal.hu\/wp-includes\/js\/wp-embed.min.js\n<\/script>\n","thumbnail_url":"https:\/\/archivportal.hu\/wp-content\/uploads\/2022\/06\/Papai-Reformatus-Gyujtemenyek-Leveltar.jpg","thumbnail_width":863,"thumbnail_height":647,"description":"A dun\u00e1nt\u00fali reform\u00e1tusok \u00f6n\u00e1ll\u00f3 egyh\u00e1zker\u00fclete 1595-t\u0151l kezdte meg k\u00fcl\u00f6n \u00e9let\u00e9t Bejthe Istv\u00e1n p\u00fcsp\u00f6ks\u00e9ge alatt az egykor gy\u0151ri \u00e9s veszpr\u00e9mi katolikus p\u00fcsp\u00f6ks\u00e9gek ter\u00fclet\u00e9n. Nyolc egyh\u00e1zmegy\u00e9je (k\u0151szegi, v\u00e9pi, k\u00f6rmendi, n\u00e9met\u00fajv\u00e1ri, v\u00edzlendvai, p\u00e1pai, veszpr\u00e9mi, kiskom\u00e1romi) k\u00f6z\u00fcl a k\u00e9t ut\u00f3bbib\u00f3l kiszakadt k\u00fcls\u0151somogyi 1629-t\u0151l a dunamell\u00e9ki ker\u00fclethez csatlakozott, viszont a 18. sz\u00e1zad elej\u00e9n a bels\u0151somogyi egyh\u00e1zmegy\u00e9vel gyarapodott. 1710-ben p\u00fcsp\u00f6k\u00e9t, Hodosi [&hellip;]"}

Magyar Levéltári Portál

Siptár Dániel

Dunántúli Református Egyházkerület Levéltára - Magyar Levéltári Portál

<blockquote class="wp-embedded-content" data-secret="NdKDEAUtrI"><a href="https://archivportal.hu/index.php/archive/papai-reformatus-gyujtemenyek-leveltar/">Dunántúli Református Egyházkerület Levéltára</a></blockquote><iframe sandbox="allow-scripts" security="restricted" src="https://archivportal.hu/index.php/archive/papai-reformatus-gyujtemenyek-leveltar/embed/#?secret=NdKDEAUtrI" width="600" height="338" title="&#8220;Dunántúli Református Egyházkerület Levéltára&#8221; &#8212; Magyar Levéltári Portál" data-secret="NdKDEAUtrI" frameborder="0" marginwidth="0" marginheight="0" scrolling="no" class="wp-embedded-content"></iframe><script>
/*! This file is auto-generated */
!function(d,l){"use strict";l.querySelector&&d.addEventListener&&"undefined"!=typeof URL&&(d.wp=d.wp||{},d.wp.receiveEmbedMessage||(d.wp.receiveEmbedMessage=function(e){var t=e.data;if((t||t.secret||t.message||t.value)&&!/[^a-zA-Z0-9]/.test(t.secret)){for(var s,r,n,a=l.querySelectorAll('iframe[data-secret="'+t.secret+'"]'),o=l.querySelectorAll('blockquote[data-secret="'+t.secret+'"]'),c=new RegExp("^https?:$","i"),i=0;i<o.length;i++)o[i].style.display="none";for(i=0;i<a.length;i++)s=a[i],e.source===s.contentWindow&&(s.removeAttribute("style"),"height"===t.message?(1e3<(r=parseInt(t.value,10))?r=1e3:~~r<200&&(r=200),s.height=r):"link"===t.message&&(r=new URL(s.getAttribute("src")),n=new URL(t.value),c.test(n.protocol))&&n.host===r.host&&l.activeElement===s&&(d.top.location.href=t.value))}},d.addEventListener("message",d.wp.receiveEmbedMessage,!1),l.addEventListener("DOMContentLoaded",function(){for(var e,t,s=l.querySelectorAll("iframe.wp-embedded-content"),r=0;r<s.length;r++)(t=(e=s[r]).getAttribute("data-secret"))||(t=Math.random().toString(36).substring(2,12),e.src+="#?secret="+t,e.setAttribute("data-secret",t)),e.contentWindow.postMessage({message:"ready",secret:t},"*")},!1)))}(window,document);
//# sourceURL=https://archivportal.hu/wp-includes/js/wp-embed.min.js
</script>

A dunántúli reformátusok önálló egyházkerülete 1595-től kezdte meg külön életét Bejthe István püspöksége alatt az egykor győri és veszprémi katolikus püspökségek területén. Nyolc egyházmegyéje (kőszegi, vépi, körmendi, németújvári, vízlendvai, pápai, veszprémi, kiskomáromi) közül a két utóbbiból kiszakadt külsősomogyi 1629-től a dunamelléki kerülethez csatlakozott, viszont a 18. század elején a belsősomogyi egyházmegyével gyarapodott. 1710-ben püspökét, Hodosi [&hellip;]
