{"version":"1.0","provider_name":"Magyar Lev\u00e9lt\u00e1ri Port\u00e1l","provider_url":"https:\/\/archivportal.hu","author_name":"Ternovacz Balint","author_url":"https:\/\/archivportal.hu\/index.php\/author\/ternovacz-balint\/","title":"Francia di\u00e1kok a RET\u00d6RKI lev\u00e9lt\u00e1r-pedag\u00f3giai foglalkoz\u00e1s\u00e1n - Magyar Lev\u00e9lt\u00e1ri Port\u00e1l","type":"rich","width":600,"height":338,"html":"<blockquote class=\"wp-embedded-content\" data-secret=\"8W4smTeCvi\"><a href=\"https:\/\/archivportal.hu\/index.php\/leveltar-pedagogiai-foglalkozas-a-retorki-ben\/\">Francia di\u00e1kok a RET\u00d6RKI lev\u00e9lt\u00e1r-pedag\u00f3giai foglalkoz\u00e1s\u00e1n<\/a><\/blockquote><iframe sandbox=\"allow-scripts\" security=\"restricted\" src=\"https:\/\/archivportal.hu\/index.php\/leveltar-pedagogiai-foglalkozas-a-retorki-ben\/embed\/#?secret=8W4smTeCvi\" width=\"600\" height=\"338\" title=\"&#8220;Francia di\u00e1kok a RET\u00d6RKI lev\u00e9lt\u00e1r-pedag\u00f3giai foglalkoz\u00e1s\u00e1n&#8221; &#8212; Magyar Lev\u00e9lt\u00e1ri Port\u00e1l\" data-secret=\"8W4smTeCvi\" frameborder=\"0\" marginwidth=\"0\" marginheight=\"0\" scrolling=\"no\" class=\"wp-embedded-content\"><\/iframe><script>\n\/*! This file is auto-generated *\/\n!function(d,l){\"use strict\";l.querySelector&&d.addEventListener&&\"undefined\"!=typeof URL&&(d.wp=d.wp||{},d.wp.receiveEmbedMessage||(d.wp.receiveEmbedMessage=function(e){var t=e.data;if((t||t.secret||t.message||t.value)&&!\/[^a-zA-Z0-9]\/.test(t.secret)){for(var s,r,n,a=l.querySelectorAll('iframe[data-secret=\"'+t.secret+'\"]'),o=l.querySelectorAll('blockquote[data-secret=\"'+t.secret+'\"]'),c=new RegExp(\"^https?:$\",\"i\"),i=0;i<o.length;i++)o[i].style.display=\"none\";for(i=0;i<a.length;i++)s=a[i],e.source===s.contentWindow&&(s.removeAttribute(\"style\"),\"height\"===t.message?(1e3<(r=parseInt(t.value,10))?r=1e3:~~r<200&&(r=200),s.height=r):\"link\"===t.message&&(r=new URL(s.getAttribute(\"src\")),n=new URL(t.value),c.test(n.protocol))&&n.host===r.host&&l.activeElement===s&&(d.top.location.href=t.value))}},d.addEventListener(\"message\",d.wp.receiveEmbedMessage,!1),l.addEventListener(\"DOMContentLoaded\",function(){for(var e,t,s=l.querySelectorAll(\"iframe.wp-embedded-content\"),r=0;r<s.length;r++)(t=(e=s[r]).getAttribute(\"data-secret\"))||(t=Math.random().toString(36).substring(2,12),e.src+=\"#?secret=\"+t,e.setAttribute(\"data-secret\",t)),e.contentWindow.postMessage({message:\"ready\",secret:t},\"*\")},!1)))}(window,document);\n\/\/# sourceURL=https:\/\/archivportal.hu\/wp-includes\/js\/wp-embed.min.js\n<\/script>\n","thumbnail_url":"https:\/\/archivportal.hu\/wp-content\/uploads\/2025\/10\/IMG_20251016_104526-scaled.jpg","thumbnail_width":2560,"thumbnail_height":1915,"description":"Az Int\u00e9zetet di\u00e1kcsereprogram keret\u00e9ben a Kecskem\u00e9ten tart\u00f3zkod\u00f3 pontoise-i \u00c9cole Saint Martin erasmusos di\u00e1kcsoportja kereste 2025. okt\u00f3ber 16-\u00e1n. A l\u00e1togat\u00e1s szervez\u0151je, Marton J\u00f3zsef egy k\u00fcl\u00f6nleges t\u00e9m\u00e1t v\u00e1lasztott lev\u00e9lt\u00e1r-pedag\u00f3giai foglalkoz\u00e1sa t\u00e9m\u00e1j\u00e1ul. A frankof\u00f3n magyar emigr\u00e1ci\u00f3 egyik jeles k\u00e9pvisel\u0151j\u00e9nek, Szil\u00e1gyi J\u00f3zsefnek az int\u00e9zm\u00e9nyben \u0151rz\u00f6tt hagyat\u00e9k\u00e1ban a hazai kommunistaellenes mozgalmak egy izgalmas fejezet\u00e9nek iratai is megtal\u00e1lhat\u00f3ak: az \u00fcgy \u00f6ssze [&hellip;]"}

Magyar Levéltári Portál

Francia diákok a RETÖRKI levéltár-pedagógiai foglalkozásán - Magyar Levéltári Portál

<blockquote class="wp-embedded-content" data-secret="8W4smTeCvi"><a href="https://archivportal.hu/index.php/leveltar-pedagogiai-foglalkozas-a-retorki-ben/">Francia diákok a RETÖRKI levéltár-pedagógiai foglalkozásán</a></blockquote><iframe sandbox="allow-scripts" security="restricted" src="https://archivportal.hu/index.php/leveltar-pedagogiai-foglalkozas-a-retorki-ben/embed/#?secret=8W4smTeCvi" width="600" height="338" title="&#8220;Francia diákok a RETÖRKI levéltár-pedagógiai foglalkozásán&#8221; &#8212; Magyar Levéltári Portál" data-secret="8W4smTeCvi" frameborder="0" marginwidth="0" marginheight="0" scrolling="no" class="wp-embedded-content"></iframe><script>
/*! This file is auto-generated */
!function(d,l){"use strict";l.querySelector&&d.addEventListener&&"undefined"!=typeof URL&&(d.wp=d.wp||{},d.wp.receiveEmbedMessage||(d.wp.receiveEmbedMessage=function(e){var t=e.data;if((t||t.secret||t.message||t.value)&&!/[^a-zA-Z0-9]/.test(t.secret)){for(var s,r,n,a=l.querySelectorAll('iframe[data-secret="'+t.secret+'"]'),o=l.querySelectorAll('blockquote[data-secret="'+t.secret+'"]'),c=new RegExp("^https?:$","i"),i=0;i<o.length;i++)o[i].style.display="none";for(i=0;i<a.length;i++)s=a[i],e.source===s.contentWindow&&(s.removeAttribute("style"),"height"===t.message?(1e3<(r=parseInt(t.value,10))?r=1e3:~~r<200&&(r=200),s.height=r):"link"===t.message&&(r=new URL(s.getAttribute("src")),n=new URL(t.value),c.test(n.protocol))&&n.host===r.host&&l.activeElement===s&&(d.top.location.href=t.value))}},d.addEventListener("message",d.wp.receiveEmbedMessage,!1),l.addEventListener("DOMContentLoaded",function(){for(var e,t,s=l.querySelectorAll("iframe.wp-embedded-content"),r=0;r<s.length;r++)(t=(e=s[r]).getAttribute("data-secret"))||(t=Math.random().toString(36).substring(2,12),e.src+="#?secret="+t,e.setAttribute("data-secret",t)),e.contentWindow.postMessage({message:"ready",secret:t},"*")},!1)))}(window,document);
//# sourceURL=https://archivportal.hu/wp-includes/js/wp-embed.min.js
</script>

Az Intézetet diákcsereprogram keretében a Kecskeméten tartózkodó pontoise-i École Saint Martin erasmusos diákcsoportja kereste 2025. október 16-án. A látogatás szervezője, Marton József egy különleges témát választott levéltár-pedagógiai foglalkozása témájául. A frankofón magyar emigráció egyik jeles képviselőjének, Szilágyi Józsefnek az intézményben őrzött hagyatékában a hazai kommunistaellenes mozgalmak egy izgalmas fejezetének iratai is megtalálhatóak: az ügy össze [&hellip;]
