{"id":4860,"date":"2022-06-26T14:52:13","date_gmt":"2022-06-26T14:52:13","guid":{"rendered":"http:\/\/t1.archivportal.hu\/?post_type=archive&#038;p=4860"},"modified":"2022-07-10T14:32:43","modified_gmt":"2022-07-10T14:32:43","slug":"hungarian-mindszenty-archives","status":"publish","type":"archive","link":"https:\/\/archivportal.hu\/index.php\/en\/archive\/hungarian-mindszenty-archives\/","title":{"rendered":"Hungarian Mindszenty Archives"},"content":{"rendered":"\n<p>Cardinal J\u00f3zsef Mindszenty (1892\u20131975), Archbishop of Esztergom was arrested by the Communist authorities in 1948 and following a show trial he was sentenced to life imprisonment. In 1956 he fled to the American Embassy in Budapest and lived there until he was allowed to leave Hungary in 1971. After that date he was busy with the pastoral care of the Hungarians living abroad, in diaspora. In 1973 he was exempted from his archiepiscopal office but even after that he continued this activity. In 1972 in Liechtensein he founded the Mindszenty Stiftung to support the Hungarian, Christian, charitable and cultural institutions and organizations. Another aim of the foundation was to handle the Cardinal\u2019s literary legacy. These aims were adopted by the Hungarian Mindszenty Foundation as well, which was established in 1994.<\/p>\n\n\n\n<p>After the death of J\u00f3zsef Mindszenty the majority of his inheritance coming from his years in emigration was kept in Mariazell; a smaller but more valuable part was kept in Vaduz (Liechtensein). The documents were primarily classified by Sister Geraldine Galovits in the 1970s and 1980s. She created thematic folders: Mindszenty in prison, The Cardinal and the Hungarian revolution, Correspondence from the Embassy, Letters to Paul VI, Memoirs, Faith and morality in Communist Hungary, etc.<\/p>\n\n\n\n<p>In October 1994 the entire material was transferred to Hungary. Since then the inheritance has been owned and administered by the Hungarian Mindszenty Foundation. Since 1996 its private archives have been open to the public. The archives were placed in the L\u00e1szl\u00f3 Majth\u00e9nyi Salesian House (Fels\u0151 Sv\u00e1bhegyi \u00fat 12.), which functioned as the centre of the Foundation as well. Here the Mindszenty Archives was directed by Salesian friar J\u00e1nos Sz\u0151ke. After his death, in the summer of 2012, under the direction of Gergely Kov\u00e1cs the Foundation and the Archives moved to the House of the Society of Jesus in Hor\u00e1nszky Street.<\/p>\n\n\n\n<p>The Archives not only preserve the \u201ccore material\u201d composed of the inheritance of the Cardinal but enrich the collection with further copies. For example, in 2003 the Archives acquired the Washington National Archives\u2019 material concerning the Cardinal and in 2004 the copy of the inheritance of Tibor M\u00e9sz\u00e1ros, the Cardinal\u2019s last secretary. Besides, the Mindszenty Archives was given records or pictures connected with J\u00f3zsef Mindszenty by many individuals and institutions.<\/p>\n","protected":false},"excerpt":{"rendered":"<p>Cardinal J\u00f3zsef Mindszenty (1892\u20131975), Archbishop of Esztergom was arrested by the Communist authorities in 1948 and following a show trial he was sentenced to life imprisonment. In 1956 he fled to the American Embassy in Budapest and lived there until he was allowed to leave Hungary in 1971. After that date he was busy with [&hellip;]<\/p>\n","protected":false},"featured_media":3369,"template":"","meta":{"_acf_changed":false,"_links_to":"","_links_to_target":""},"categories":[138,220,218],"tags":[],"class_list":["post-4860","archive","type-archive","status-publish","has-post-thumbnail","hentry","category-archives","category-catholic-archives","category-ecclesiastical-archives"],"acf":[],"yoast_head":"<!-- This site is optimized with the Yoast SEO plugin v27.5 - https:\/\/yoast.com\/product\/yoast-seo-wordpress\/ -->\n<title>Hungarian Mindszenty Archives - Magyar Lev\u00e9lt\u00e1ri Port\u00e1l<\/title>\n<meta name=\"robots\" content=\"index, follow, max-snippet:-1, max-image-preview:large, max-video-preview:-1\" \/>\n<meta property=\"og:locale\" content=\"en_US\" \/>\n<meta property=\"og:type\" content=\"article\" \/>\n<meta property=\"og:title\" content=\"Hungarian Mindszenty Archives - Magyar Lev\u00e9lt\u00e1ri Port\u00e1l\" \/>\n<meta property=\"og:description\" content=\"Cardinal J\u00f3zsef Mindszenty (1892\u20131975), Archbishop of Esztergom was arrested by the Communist authorities in 1948 and following a show trial he was sentenced to life imprisonment. In 1956 he fled to the American Embassy in Budapest and lived there until he was allowed to leave Hungary in 1971. After that date he was busy with [&hellip;]\" \/>\n<meta property=\"og:url\" content=\"https:\/\/archivportal.hu\/index.php\/en\/archive\/hungarian-mindszenty-archives\/\" \/>\n<meta property=\"og:site_name\" content=\"Magyar Lev\u00e9lt\u00e1ri Port\u00e1l\" \/>\n<meta property=\"article:publisher\" content=\"https:\/\/www.facebook.com\/magyarleveltarosok.egyesulete\" \/>\n<meta property=\"article:modified_time\" content=\"2022-07-10T14:32:43+00:00\" \/>\n<meta property=\"og:image\" content=\"https:\/\/archivportal.hu\/wp-content\/uploads\/2022\/06\/Magyarorszagi-Mindszenty-Leveltar.jpg\" \/>\n\t<meta property=\"og:image:width\" content=\"2048\" \/>\n\t<meta property=\"og:image:height\" content=\"1521\" \/>\n\t<meta property=\"og:image:type\" content=\"image\/jpeg\" \/>\n<meta name=\"twitter:card\" content=\"summary_large_image\" \/>\n<meta name=\"twitter:label1\" content=\"Est. reading time\" \/>\n\t<meta name=\"twitter:data1\" content=\"2 minutes\" \/>\n<script type=\"application\/ld+json\" class=\"yoast-schema-graph\">{\"@context\":\"https:\\\/\\\/schema.org\",\"@graph\":[{\"@type\":\"WebPage\",\"@id\":\"https:\\\/\\\/archivportal.hu\\\/index.php\\\/en\\\/archive\\\/hungarian-mindszenty-archives\\\/\",\"url\":\"https:\\\/\\\/archivportal.hu\\\/index.php\\\/en\\\/archive\\\/hungarian-mindszenty-archives\\\/\",\"name\":\"Hungarian Mindszenty Archives - Magyar Lev\u00e9lt\u00e1ri Port\u00e1l\",\"isPartOf\":{\"@id\":\"https:\\\/\\\/archivportal.hu\\\/#website\"},\"primaryImageOfPage\":{\"@id\":\"https:\\\/\\\/archivportal.hu\\\/index.php\\\/en\\\/archive\\\/hungarian-mindszenty-archives\\\/#primaryimage\"},\"image\":{\"@id\":\"https:\\\/\\\/archivportal.hu\\\/index.php\\\/en\\\/archive\\\/hungarian-mindszenty-archives\\\/#primaryimage\"},\"thumbnailUrl\":\"https:\\\/\\\/archivportal.hu\\\/wp-content\\\/uploads\\\/2022\\\/06\\\/Magyarorszagi-Mindszenty-Leveltar.jpg\",\"datePublished\":\"2022-06-26T14:52:13+00:00\",\"dateModified\":\"2022-07-10T14:32:43+00:00\",\"breadcrumb\":{\"@id\":\"https:\\\/\\\/archivportal.hu\\\/index.php\\\/en\\\/archive\\\/hungarian-mindszenty-archives\\\/#breadcrumb\"},\"inLanguage\":\"en-US\",\"potentialAction\":[{\"@type\":\"ReadAction\",\"target\":[\"https:\\\/\\\/archivportal.hu\\\/index.php\\\/en\\\/archive\\\/hungarian-mindszenty-archives\\\/\"]}]},{\"@type\":\"ImageObject\",\"inLanguage\":\"en-US\",\"@id\":\"https:\\\/\\\/archivportal.hu\\\/index.php\\\/en\\\/archive\\\/hungarian-mindszenty-archives\\\/#primaryimage\",\"url\":\"https:\\\/\\\/archivportal.hu\\\/wp-content\\\/uploads\\\/2022\\\/06\\\/Magyarorszagi-Mindszenty-Leveltar.jpg\",\"contentUrl\":\"https:\\\/\\\/archivportal.hu\\\/wp-content\\\/uploads\\\/2022\\\/06\\\/Magyarorszagi-Mindszenty-Leveltar.jpg\",\"width\":2048,\"height\":1521},{\"@type\":\"BreadcrumbList\",\"@id\":\"https:\\\/\\\/archivportal.hu\\\/index.php\\\/en\\\/archive\\\/hungarian-mindszenty-archives\\\/#breadcrumb\",\"itemListElement\":[{\"@type\":\"ListItem\",\"position\":1,\"name\":\"Home\",\"item\":\"https:\\\/\\\/archivportal.hu\\\/\"},{\"@type\":\"ListItem\",\"position\":2,\"name\":\"Hungarian Mindszenty Archives\"}]},{\"@type\":\"WebSite\",\"@id\":\"https:\\\/\\\/archivportal.hu\\\/#website\",\"url\":\"https:\\\/\\\/archivportal.hu\\\/\",\"name\":\"Magyar Lev\u00e9lt\u00e1ri Port\u00e1l\",\"description\":\"Az online foly\u00f3irat\",\"publisher\":{\"@id\":\"https:\\\/\\\/archivportal.hu\\\/#organization\"},\"potentialAction\":[{\"@type\":\"SearchAction\",\"target\":{\"@type\":\"EntryPoint\",\"urlTemplate\":\"https:\\\/\\\/archivportal.hu\\\/?s={search_term_string}\"},\"query-input\":{\"@type\":\"PropertyValueSpecification\",\"valueRequired\":true,\"valueName\":\"search_term_string\"}}],\"inLanguage\":\"en-US\"},{\"@type\":\"Organization\",\"@id\":\"https:\\\/\\\/archivportal.hu\\\/#organization\",\"name\":\"Magyar Lev\u00e9lt\u00e1ri Port\u00e1l\",\"url\":\"https:\\\/\\\/archivportal.hu\\\/\",\"logo\":{\"@type\":\"ImageObject\",\"inLanguage\":\"en-US\",\"@id\":\"https:\\\/\\\/archivportal.hu\\\/#\\\/schema\\\/logo\\\/image\\\/\",\"url\":\"https:\\\/\\\/archivportal.hu\\\/wp-content\\\/uploads\\\/2022\\\/06\\\/MLP_logo_HU.png\",\"contentUrl\":\"https:\\\/\\\/archivportal.hu\\\/wp-content\\\/uploads\\\/2022\\\/06\\\/MLP_logo_HU.png\",\"width\":1252,\"height\":144,\"caption\":\"Magyar Lev\u00e9lt\u00e1ri Port\u00e1l\"},\"image\":{\"@id\":\"https:\\\/\\\/archivportal.hu\\\/#\\\/schema\\\/logo\\\/image\\\/\"},\"sameAs\":[\"https:\\\/\\\/www.facebook.com\\\/magyarleveltarosok.egyesulete\"]}]}<\/script>\n<!-- \/ Yoast SEO plugin. -->","yoast_head_json":{"title":"Hungarian Mindszenty Archives - Magyar Lev\u00e9lt\u00e1ri Port\u00e1l","robots":{"index":"index","follow":"follow","max-snippet":"max-snippet:-1","max-image-preview":"max-image-preview:large","max-video-preview":"max-video-preview:-1"},"og_locale":"en_US","og_type":"article","og_title":"Hungarian Mindszenty Archives - Magyar Lev\u00e9lt\u00e1ri Port\u00e1l","og_description":"Cardinal J\u00f3zsef Mindszenty (1892\u20131975), Archbishop of Esztergom was arrested by the Communist authorities in 1948 and following a show trial he was sentenced to life imprisonment. In 1956 he fled to the American Embassy in Budapest and lived there until he was allowed to leave Hungary in 1971. After that date he was busy with [&hellip;]","og_url":"https:\/\/archivportal.hu\/index.php\/en\/archive\/hungarian-mindszenty-archives\/","og_site_name":"Magyar Lev\u00e9lt\u00e1ri Port\u00e1l","article_publisher":"https:\/\/www.facebook.com\/magyarleveltarosok.egyesulete","article_modified_time":"2022-07-10T14:32:43+00:00","og_image":[{"width":2048,"height":1521,"url":"https:\/\/archivportal.hu\/wp-content\/uploads\/2022\/06\/Magyarorszagi-Mindszenty-Leveltar.jpg","type":"image\/jpeg"}],"twitter_card":"summary_large_image","twitter_misc":{"Est. reading time":"2 minutes"},"schema":{"@context":"https:\/\/schema.org","@graph":[{"@type":"WebPage","@id":"https:\/\/archivportal.hu\/index.php\/en\/archive\/hungarian-mindszenty-archives\/","url":"https:\/\/archivportal.hu\/index.php\/en\/archive\/hungarian-mindszenty-archives\/","name":"Hungarian Mindszenty Archives - Magyar Lev\u00e9lt\u00e1ri Port\u00e1l","isPartOf":{"@id":"https:\/\/archivportal.hu\/#website"},"primaryImageOfPage":{"@id":"https:\/\/archivportal.hu\/index.php\/en\/archive\/hungarian-mindszenty-archives\/#primaryimage"},"image":{"@id":"https:\/\/archivportal.hu\/index.php\/en\/archive\/hungarian-mindszenty-archives\/#primaryimage"},"thumbnailUrl":"https:\/\/archivportal.hu\/wp-content\/uploads\/2022\/06\/Magyarorszagi-Mindszenty-Leveltar.jpg","datePublished":"2022-06-26T14:52:13+00:00","dateModified":"2022-07-10T14:32:43+00:00","breadcrumb":{"@id":"https:\/\/archivportal.hu\/index.php\/en\/archive\/hungarian-mindszenty-archives\/#breadcrumb"},"inLanguage":"en-US","potentialAction":[{"@type":"ReadAction","target":["https:\/\/archivportal.hu\/index.php\/en\/archive\/hungarian-mindszenty-archives\/"]}]},{"@type":"ImageObject","inLanguage":"en-US","@id":"https:\/\/archivportal.hu\/index.php\/en\/archive\/hungarian-mindszenty-archives\/#primaryimage","url":"https:\/\/archivportal.hu\/wp-content\/uploads\/2022\/06\/Magyarorszagi-Mindszenty-Leveltar.jpg","contentUrl":"https:\/\/archivportal.hu\/wp-content\/uploads\/2022\/06\/Magyarorszagi-Mindszenty-Leveltar.jpg","width":2048,"height":1521},{"@type":"BreadcrumbList","@id":"https:\/\/archivportal.hu\/index.php\/en\/archive\/hungarian-mindszenty-archives\/#breadcrumb","itemListElement":[{"@type":"ListItem","position":1,"name":"Home","item":"https:\/\/archivportal.hu\/"},{"@type":"ListItem","position":2,"name":"Hungarian Mindszenty Archives"}]},{"@type":"WebSite","@id":"https:\/\/archivportal.hu\/#website","url":"https:\/\/archivportal.hu\/","name":"Magyar Lev\u00e9lt\u00e1ri Port\u00e1l","description":"Az online foly\u00f3irat","publisher":{"@id":"https:\/\/archivportal.hu\/#organization"},"potentialAction":[{"@type":"SearchAction","target":{"@type":"EntryPoint","urlTemplate":"https:\/\/archivportal.hu\/?s={search_term_string}"},"query-input":{"@type":"PropertyValueSpecification","valueRequired":true,"valueName":"search_term_string"}}],"inLanguage":"en-US"},{"@type":"Organization","@id":"https:\/\/archivportal.hu\/#organization","name":"Magyar Lev\u00e9lt\u00e1ri Port\u00e1l","url":"https:\/\/archivportal.hu\/","logo":{"@type":"ImageObject","inLanguage":"en-US","@id":"https:\/\/archivportal.hu\/#\/schema\/logo\/image\/","url":"https:\/\/archivportal.hu\/wp-content\/uploads\/2022\/06\/MLP_logo_HU.png","contentUrl":"https:\/\/archivportal.hu\/wp-content\/uploads\/2022\/06\/MLP_logo_HU.png","width":1252,"height":144,"caption":"Magyar Lev\u00e9lt\u00e1ri Port\u00e1l"},"image":{"@id":"https:\/\/archivportal.hu\/#\/schema\/logo\/image\/"},"sameAs":["https:\/\/www.facebook.com\/magyarleveltarosok.egyesulete"]}]}},"_links":{"self":[{"href":"https:\/\/archivportal.hu\/index.php\/wp-json\/wp\/v2\/archive\/4860","targetHints":{"allow":["GET"]}}],"collection":[{"href":"https:\/\/archivportal.hu\/index.php\/wp-json\/wp\/v2\/archive"}],"about":[{"href":"https:\/\/archivportal.hu\/index.php\/wp-json\/wp\/v2\/types\/archive"}],"version-history":[{"count":2,"href":"https:\/\/archivportal.hu\/index.php\/wp-json\/wp\/v2\/archive\/4860\/revisions"}],"predecessor-version":[{"id":4862,"href":"https:\/\/archivportal.hu\/index.php\/wp-json\/wp\/v2\/archive\/4860\/revisions\/4862"}],"wp:featuredmedia":[{"embeddable":true,"href":"https:\/\/archivportal.hu\/index.php\/wp-json\/wp\/v2\/media\/3369"}],"wp:attachment":[{"href":"https:\/\/archivportal.hu\/index.php\/wp-json\/wp\/v2\/media?parent=4860"}],"wp:term":[{"taxonomy":"category","embeddable":true,"href":"https:\/\/archivportal.hu\/index.php\/wp-json\/wp\/v2\/categories?post=4860"},{"taxonomy":"post_tag","embeddable":true,"href":"https:\/\/archivportal.hu\/index.php\/wp-json\/wp\/v2\/tags?post=4860"}],"curies":[{"name":"wp","href":"https:\/\/api.w.org\/{rel}","templated":true}]}}

<p>Cardinal József Mindszenty (1892–1975), Archbishop of Esztergom was arrested by the Communist authorities in 1948 and following a show trial he was sentenced to life imprisonment. In 1956 he fled to the American Embassy in Budapest and lived there until he was allowed to leave Hungary in 1971. After that date he was busy with the pastoral care of the Hungarians living abroad, in diaspora. In 1973 he was exempted from his archiepiscopal office but even after that he continued this activity. In 1972 in Liechtensein he founded the Mindszenty Stiftung to support the Hungarian, Christian, charitable and cultural institutions and organizations. Another aim of the foundation was to handle the Cardinal’s literary legacy. These aims were adopted by the Hungarian Mindszenty Foundation as well, which was established in 1994.</p>



<p>After the death of József Mindszenty the majority of his inheritance coming from his years in emigration was kept in Mariazell; a smaller but more valuable part was kept in Vaduz (Liechtensein). The documents were primarily classified by Sister Geraldine Galovits in the 1970s and 1980s. She created thematic folders: Mindszenty in prison, The Cardinal and the Hungarian revolution, Correspondence from the Embassy, Letters to Paul VI, Memoirs, Faith and morality in Communist Hungary, etc.</p>



<p>In October 1994 the entire material was transferred to Hungary. Since then the inheritance has been owned and administered by the Hungarian Mindszenty Foundation. Since 1996 its private archives have been open to the public. The archives were placed in the László Majthényi Salesian House (Felső Svábhegyi út 12.), which functioned as the centre of the Foundation as well. Here the Mindszenty Archives was directed by Salesian friar János Szőke. After his death, in the summer of 2012, under the direction of Gergely Kovács the Foundation and the Archives moved to the House of the Society of Jesus in Horánszky Street.</p>



<p>The Archives not only preserve the “core material” composed of the inheritance of the Cardinal but enrich the collection with further copies. For example, in 2003 the Archives acquired the Washington National Archives’ material concerning the Cardinal and in 2004 the copy of the inheritance of Tibor Mészáros, the Cardinal’s last secretary. Besides, the Mindszenty Archives was given records or pictures connected with József Mindszenty by many individuals and institutions.</p>

<p>Cardinal József Mindszenty (1892–1975), Archbishop of Esztergom was arrested by the Communist authorities in 1948 and following a show trial he was sentenced to life imprisonment. In 1956 he fled to the American Embassy in Budapest and lived there until he was allowed to leave Hungary in 1971. After that date he was busy with [&hellip;]</p>

<!-- This site is optimized with the Yoast SEO plugin v27.5 - https://yoast.com/product/yoast-seo-wordpress/ -->
<title>Hungarian Mindszenty Archives - Magyar Levéltári Portál</title>
<meta name="robots" content="index, follow, max-snippet:-1, max-image-preview:large, max-video-preview:-1" />
<meta property="og:locale" content="en_US" />
<meta property="og:type" content="article" />
<meta property="og:title" content="Hungarian Mindszenty Archives - Magyar Levéltári Portál" />
<meta property="og:description" content="Cardinal József Mindszenty (1892–1975), Archbishop of Esztergom was arrested by the Communist authorities in 1948 and following a show trial he was sentenced to life imprisonment. In 1956 he fled to the American Embassy in Budapest and lived there until he was allowed to leave Hungary in 1971. After that date he was busy with [&hellip;]" />
<meta property="og:url" content="https://archivportal.hu/index.php/en/archive/hungarian-mindszenty-archives/" />
<meta property="og:site_name" content="Magyar Levéltári Portál" />
<meta property="article:publisher" content="https://www.facebook.com/magyarleveltarosok.egyesulete" />
<meta property="article:modified_time" content="2022-07-10T14:32:43+00:00" />
<meta property="og:image" content="https://archivportal.hu/wp-content/uploads/2022/06/Magyarorszagi-Mindszenty-Leveltar.jpg" />
	<meta property="og:image:width" content="2048" />
	<meta property="og:image:height" content="1521" />
	<meta property="og:image:type" content="image/jpeg" />
<meta name="twitter:card" content="summary_large_image" />
<meta name="twitter:label1" content="Est. reading time" />
	<meta name="twitter:data1" content="2 minutes" />
<script type="application/ld+json" class="yoast-schema-graph">{"@context":"https:\/\/schema.org","@graph":[{"@type":"WebPage","@id":"https:\/\/archivportal.hu\/index.php\/en\/archive\/hungarian-mindszenty-archives\/","url":"https:\/\/archivportal.hu\/index.php\/en\/archive\/hungarian-mindszenty-archives\/","name":"Hungarian Mindszenty Archives - Magyar Levéltári Portál","isPartOf":{"@id":"https:\/\/archivportal.hu\/#website"},"primaryImageOfPage":{"@id":"https:\/\/archivportal.hu\/index.php\/en\/archive\/hungarian-mindszenty-archives\/#primaryimage"},"image":{"@id":"https:\/\/archivportal.hu\/index.php\/en\/archive\/hungarian-mindszenty-archives\/#primaryimage"},"thumbnailUrl":"https:\/\/archivportal.hu\/wp-content\/uploads\/2022\/06\/Magyarorszagi-Mindszenty-Leveltar.jpg","datePublished":"2022-06-26T14:52:13+00:00","dateModified":"2022-07-10T14:32:43+00:00","breadcrumb":{"@id":"https:\/\/archivportal.hu\/index.php\/en\/archive\/hungarian-mindszenty-archives\/#breadcrumb"},"inLanguage":"en-US","potentialAction":[{"@type":"ReadAction","target":["https:\/\/archivportal.hu\/index.php\/en\/archive\/hungarian-mindszenty-archives\/"]}]},{"@type":"ImageObject","inLanguage":"en-US","@id":"https:\/\/archivportal.hu\/index.php\/en\/archive\/hungarian-mindszenty-archives\/#primaryimage","url":"https:\/\/archivportal.hu\/wp-content\/uploads\/2022\/06\/Magyarorszagi-Mindszenty-Leveltar.jpg","contentUrl":"https:\/\/archivportal.hu\/wp-content\/uploads\/2022\/06\/Magyarorszagi-Mindszenty-Leveltar.jpg","width":2048,"height":1521},{"@type":"BreadcrumbList","@id":"https:\/\/archivportal.hu\/index.php\/en\/archive\/hungarian-mindszenty-archives\/#breadcrumb","itemListElement":[{"@type":"ListItem","position":1,"name":"Home","item":"https:\/\/archivportal.hu\/"},{"@type":"ListItem","position":2,"name":"Hungarian Mindszenty Archives"}]},{"@type":"WebSite","@id":"https:\/\/archivportal.hu\/#website","url":"https:\/\/archivportal.hu\/","name":"Magyar Levéltári Portál","description":"Az online folyóirat","publisher":{"@id":"https:\/\/archivportal.hu\/#organization"},"potentialAction":[{"@type":"SearchAction","target":{"@type":"EntryPoint","urlTemplate":"https:\/\/archivportal.hu\/?s={search_term_string}"},"query-input":{"@type":"PropertyValueSpecification","valueRequired":true,"valueName":"search_term_string"}}],"inLanguage":"en-US"},{"@type":"Organization","@id":"https:\/\/archivportal.hu\/#organization","name":"Magyar Levéltári Portál","url":"https:\/\/archivportal.hu\/","logo":{"@type":"ImageObject","inLanguage":"en-US","@id":"https:\/\/archivportal.hu\/#\/schema\/logo\/image\/","url":"https:\/\/archivportal.hu\/wp-content\/uploads\/2022\/06\/MLP_logo_HU.png","contentUrl":"https:\/\/archivportal.hu\/wp-content\/uploads\/2022\/06\/MLP_logo_HU.png","width":1252,"height":144,"caption":"Magyar Levéltári Portál"},"image":{"@id":"https:\/\/archivportal.hu\/#\/schema\/logo\/image\/"},"sameAs":["https:\/\/www.facebook.com\/magyarleveltarosok.egyesulete"]}]}</script>
<!-- / Yoast SEO plugin. -->

Hungarian Mindszenty Archives - Magyar Levéltári Portál

Cardinal József Mindszenty (1892–1975), Archbishop of Esztergom was arrested by the Communist authorities in 1948 and following a show trial he was sentenced to life imprisonment. In 1956 he fled to the American Embassy in Budapest and lived there until he was allowed to leave Hungary in 1971. After that date he was busy with [&hellip;]

Magyar Levéltári Portál

Az online folyóirat
